of 2829144?
4
What is the tens digit of 278297?
9
What is the hundred thousands digit of 11129251?
1
What is the hundreds digit of 25526297?
2
What is the thousands digit of 305138?
5
What is the ten thousands digit of 4242272?
4
What is the ten thousands digit of 399679?
9
What is the ten thousands digit of 249493?
4
What is the hundreds digit of 251465?
4
What is the millions digit of 4174558?
4
What is the ten thousands digit of 1931452?
3
What is the units digit of 5886337?
7
What is the ten thousands digit of 2838010?
3
What is the units digit of 466893?
3
What is the hundreds digit of 417318?
3
What is the ten thousands digit of 2392606?
9
What is the ten thousands digit of 1033367?
3
What is the thousands digit of 7030209?
0
What is the ten thousands digit of 651905?
5
What is the hundred thousands digit of 199419?
1
What is the units digit of 1522987?
7
What is the ten thousands digit of 13169063?
6
What is the thousands digit of 238617?
8
What is the tens digit of 219277?
7
What is the millions digit of 4344897?
4
What is the tens digit of 24707?
0
What is the ten millions digit of 15642237?
1
What is the units digit of 540329?
9
What is the ten thousands digit of 2781925?
8
What is the ten thousands digit of 198763?
9
What is the hundreds digit of 439965?
9
What is the hundreds digit of 586211?
2
What is the hundreds digit of 2389315?
3
What is the ten thousands digit of 850679?
5
What is the hundreds digit of 1780890?
8
What is the hundreds digit of 24048924?
9
What is the hundred thousands digit of 600463?
6
What is the ten thousands digit of 686656?
8
What is the hundreds digit of 2726436?
4
What is the units digit of 1398106?
6
What is the ten thousands digit of 824848?
2
What is the units digit of 191195?
5
What is the tens digit of 319348?
4
What is the units digit of 858464?
4
What is the hundreds digit of 589752?
7
What is the tens digit of 1350824?
2
What is the millions digit of 4498585?
4
What is the tens digit of 414628?
2
What is the hundred thousands digit of 118343?
1
What is the hundreds digit of 157825?
8
What is the hundred thousands digit of 248782?
2
What is the thousands digit of 5276642?
6
What is the thousands digit of 316351?
6
What is the thousands digit of 258182?
8
What is the hundred thousands digit of 11329560?
3
What is the tens digit of 4110405?
0
What is the thousands digit of 699483?
9
What is the thousands digit of 22417?
2
What is the thousands digit of 405995?
5
What is the ten thousands digit of 1260956?
6
What is the units digit of 83725?
5
What is the units digit of 21706169?
9
What is the thousands digit of 13789568?
9
What is the ten thousands digit of 69587?
6
What is the units digit of 132409?
9
What is the tens digit of 2987033?
3
What is the units digit of 4502909?
9
What is the tens digit of 8979328?
2
What is the hundred thousands digit of 22942911?
9
What is the hundreds digit of 6079518?
5
What is the tens digit of 3343708?
0
What is the ten thousands digit of 15615068?
1
What is the units digit of 1691239?
9
What is the tens digit of 116275?
7
What is the hundred thousands digit of 716876?
7
What is the hundred thousands digit of 2773009?
7
What is the units digit of 1791304?
4
What is the thousands digit of 837804?
7
What is the thousands digit of 12174456?
4
What is the units digit of 8854896?
6
What is the hundreds digit of 48209?
2
What is the tens digit of 491017?
1
What is the millions digit of 2319826?
2
What is the ten thousands digit of 2219993?
1
What is the units digit of 139482?
2
What is the tens digit of 2798965?
6
What is the thousands digit of 583313?
3
What is the hundred thousands digit of 112799?
1
What is the units digit of 5367350?
0
What is the ten thousands digit of 26708654?
0
What is the hundreds digit of 824871?
8
What is the hundred thousands digit of 10942095?
9
What is the tens digit of 71145?
4
What is the ten thousands digit of 188476?
8
What is the hundred thousands digit of 2811885?
8
What is the ten thousands digit of 400212?
0
What is the ten thousands digit of 2113466?
1
What is the thousands digit of 1821089?
1
What is the thousands digit of 787977?
7
What is the ten thousands digit of 22291591?
9
What is the tens digit of 421526?
2
What is the units digit of 377633?
3
What is the ten thousands digit of 2493228?
9
What is the thousands digit of 218206?
8
What is the thousands digit of 3400002?
0
What is the ten thousands digit of 156145?
5
What is the hundreds digit of 1258408?
4
What is the ten thousands digit of 1646414?
4
What is the thousands digit of 25700?
5
What is the tens digit of 914674?
7
What is the millions digit of 4836454?
4
What is the hundreds digit of 9414590?
5
What is the ten thousands digit of 188530?
8
What is the thousands digit of 3717605?
7
What is the thousands digit of 8022?
8
What is the thousands digit of 948417?
8
What is the thousands digit of 5878335?
8
What is the thousands digit of 5026201?
6
What is the hundreds digit of 3744028?
0
What is the ten thousands digit of 93195?
9
What is the hundreds digit of 826949?
9
What is the thousands digit of 136072?
6
What is the tens digit of 1240610?
1
What is the hundreds digit of 721938?
9
What is the tens digit of 1026872?
7
What is the hundreds digit of 7282786?
7
What is the tens digit of 427549?
4
What is the hundred thousands digit of 7613405?
6
What is the hundreds digit of 3227540?
5
What is the tens digit of 813842?
4
What is the ten thousands digit of 4472831?
7
What is the tens digit of 1257031?
3
What is the hundred thousands digit of 13049197?
0
What is the units digit of 16225674?
4
What is the thousands digit of 879426?
9
What is the ten thousands digit of 14506237?
0
What is the hundreds digit of 110657?
6
What is the hundreds digit of 2072564?
5
What is the ten millions digit of 17847903?
1
What is the ten thousands digit of 220263?
2
What is the millions digit of 1490245?
1
What is the ten thousands digit of 314479?
1
What is the thousands digit of 5298539?
8
What is the hundred thousands digit of 3614471?
6
What is the hundreds digit of 550272?
2
What is the units digit of 342635?
5
What is the ten thousands digit of 2194369?
9
What is the hundred thousands digit of 1391123?
3
What is the thousands digit of 64602?
4
What is the hundred thousands digit of 1024251?
0
What is the millions digit of 6764530?
6
What is the tens digit of 1260645?
4
What is the units digit of 667837?
7
What is the hundreds digit of 5720317?
3
What is the tens digit of 1119386?
8
What is the ten thousands digit of 101848?
0
What is the units digit of 282102?
2
What is the hundreds digit of 3808441?
4
What is the hundreds digit of 207813?
8
What is the ten thousands digit of 1835221?
3
What is the hundreds digit of 2685872?
8
What is the hundreds digit of 44723?
7
What is the hundreds digit of 527246?
2
What is the tens digit of 2759316?
1
What is the tens digit of 5693986?
8
What is the millions digit of 2665162?
2
What is the hundred thousands digit of 8078984?
0
What is the millions digit of 16079746?
6
What is the ten thousands digit of 1276875?
7
What is the hundreds digit of 778908?
9
What is the thousands digit of 708703?
8
What is the units digit of 24473697?
7
What is the millions digit of 4501844?
4
What is the hundreds digit of 264298?
2
What is the thousands digit of 71749?
1
What is the hundreds digit of 22489?
4
What is the millions digit of 15917009?
5
What is the thousands digit of 7533320?
3
What is the hundreds digit of 106186?
1
What is the thousands digit of 186399?
6
What is the units digit of 4830525?
5
What is the units digit of 2777178?
8
What is the tens digit of 202354?
5
What is the thousands digit of 844833?
4
What is the thousands digit of 137808?
7
What is the ten thousands digit of 2225630?
2
What is the thousands digit of 917121?
7
What is the units digit of 7745437?
7
What is the hundred thousands digit of 235643?
2
What is the ten thousands digit of 1358930?
5
What is the hundreds digit of 13040859?
8
What is the hundreds digit of 151625?
6
What is the units digit of 234445?
5
What is the hundred thousands digit of 5344531?
3
What is the units digit of 398520?
0
What is the thousands digit of 7213253?
3
What is the hundreds digit of 222149?
1
W